582 = w - 1383, -3*a - 19826 = -4*w. Suppose 0 = -13*b + 18*b - w. Is b prime?
True
Suppose v + 321 = 4*u, -2*u - 3*v = -7*u + 396. Suppose 0 = -m - 2*m - u. Let x = -4 - m. Is x a composite number?
False
Let h = 54366 + -2075. Is h composite?
False
Let k = -5173 + 10625. Suppose 14*p = 10*p + k. Is p a composite number?
True
Let s be -3*(-1)/(-3) - (45 + 2). Is (-1 - (0 + 1))*9144/s a composite number?
True
Is (1172/6)/((-4)/(-6)) composite?
False
Suppose 5 = g, 5*g - 209 - 3929 = -3*u. Is u a prime number?
False
Is (-6)/(-8) - 15026050/(-200) prime?
False
Let z(j) = 11*j**2 - 89*j - 53. Is z(30) prime?
True
Let h be 3*(-3 + 2) + 5. Suppose 2 = -k - h*c, -2*c = k - 4*c - 14. Let m(a) = 35*a + 7. Is m(k) a composite number?
True
Let j = -1202 + 2835. Is j a prime number?
False
Let d(p) be the first derivative of 7*p**3/3 - 11*p**2 - 25*p - 6. Is d(14) a composite number?
False
Suppose 12*r - 322562 - 169354 = 0. Is r prime?
True
Suppose 129*y + 3*q + 22402 = 130*y, -3*y - 5*q = -67220. Is y prime?
False
Let i(d) = d**2 + 4*d + 5. Let s be i(-2). Is s/(4 - 8694/2174) prime?
True
Is -14*12/(-1176) + 43742/7 a prime number?
False
Let r be (-9)/(-63) + 54/14. Suppose -8535 = -r*c - c. Is c a composite number?
True
Suppose 5 - 1 = o. Let m be 2/3*-3*-1. Let i = m + o. Is i a prime number?
False
Let x = -444 + 826. Let v(w) = -w. Let t be v(-1). Is x/8*(t + 7) composite?
True
Let m = -325 + 673. Let r = m + 209. Is r prime?
True
Let s = -581 - -1423. Is s a prime number?
False
Is -4 + (-6)/(12/(-522)*1) a composite number?
False
Let c(s) = 36*s**3 + 2*s**2 + 2*s + 5. Let h be c(3). Suppose 923 + h = 4*y. Is y a composite number?
True
Let b be (-42)/(-9) - (-4)/(-6). Suppose 0 = -4*n + r - b*r - 2925, n - 2*r + 734 = 0. Let v = n - -1113. Is v composite?
True
Let m = 241 + 10050. Is m a prime number?
False
Let m(s) = -s. Let b be m(-2). Suppose -i = c + 867, 3*c - 4*c = b. Is i/(-25) - 2/(-5) prime?
False
Let f be (8/(-16))/(1/(-6)). Let g(s) = 2*s**2 - 4*s - 4. Let c be g(f). Suppose z + 3 = 4, c*v - 241 = -3*z. Is v a composite number?
True
Let q be (-21)/(-6)*2/(-1). Let a be q/(-14)*(11 + -1). Is 37/a*(-6 - -11) prime?
True
Suppose 0 = -14*y - 0*y + 14126. Is y a composite number?
False
Let r(i) = i**2 + 7*i + 2. Let z be r(-10). Suppose 5*p - 3*g = -24, 3*g + z = -5*p + 2*g. Let q(o) = -2*o**3 - 5*o**2 + 7*o - 7. Is q(p) a composite number?
True
Let l(n) = -n**3 + n - 1. Let b(x) = 4*x - 218 + 13 - 4*x**2 - 107 - 4*x**3 + 3*x**2. Let u(j) = -b(j) + 5*l(j). Is u(0) composite?
False
Suppose 0 = -4*x - 17*k + 20*k + 6040, 2*k = 5*x - 7557. Is x prime?
False
Suppose 1749 = m + 144. Suppose a - 4 = 0, -578 = -w + 2*a + m. Is w a composite number?
True
Let m = -113 + 111. Is ((-6)/(m + 4))/(9/(-2154)) prime?
False
Suppose 7*a = -22330 + 66045. Is a composite?
True
Let t be (8/(-10))/(4/(-10)). Suppose -t*v = 3*v - 100. Suppose 85 = b + v. Is b a prime number?
False
Suppose -4*f + 4*k + 116956 = 0, -4*f - 2*k = k - 116956. Is f composite?
True
Let z(o) = -o**3 + 5*o**2 - 2*o. Let k be z(5). Let p be 3164/k - (-16)/40. Let l = -225 - p. Is l prime?
False
Let k(o) = o**2 - o - 5. Let i be -4*(-3)/(-54) + 260/(-45). Is k(i) a prime number?
True
Let o = 7667 - 11799. Is (42/4)/((-6)/o) a composite number?
True
Suppose 21498 = 34*w - 57416. Is w prime?
False
Let k(h) be the second derivative of -h**5/20 + 5*h**4/4 - 7*h**3/6 + 4*h**2 + 9*h. Is k(14) composite?
True
Let d(r) = 165*r - 4 + 5 - 140*r. Is d(1) a prime number?
False
Suppose 13*r = 8*r + 10765. Is r prime?
True
Let h(s) = -29*s**2 - 5*s + 6. Let q(i) = -30*i**2 - 6*i + 6. Let y(k) = 3*h(k) - 2*q(k). Let u(m) be the first derivative of y(m). Is u(-1) composite?
True
Let j(d) = 2*d - 7. Let l be j(5). Suppose y = -l*c + 474, 4*y + 459 = 5*c - 2*c. Is c a composite number?
False
Let v(a) = 749*a + 3. Let t(d) = -d**3 - 6*d**2 - d - 4. Let c be t(-6). Is v(c) a prime number?
False
Let m(l) = 3 + 3*l**3 + l**3 + 0*l**3 - 4 - l + 5*l**2. Is m(4) composite?
False
Let a be 12/20 + (-33)/5. Let v(c) = -274*c + 13. Is v(a) composite?
False
Let a(v) = -503*v + 15. Let i be a(2). Let w = 3304 - i. Is w a composite number?
True
Let w(a) = 97*a**2 - 9*a + 16. Is w(3) prime?
False
Let v(t) be the second derivative of -7/6*t**3 + 3/2*t**2 + 6*t + 0. Is v(-4) a composite number?
False
Let r be ((0/(-3))/(-3))/1. Suppose r = -8*w + 4*w + 9740. Suppose -4*t - w = -9*t. Is t composite?
False
Suppose 20*z = 73484 + 22896. Is z a composite number?
True
Let k = 4 + -4. Suppose -7*l + 4*l + 1200 = k. Suppose 4*y - l = 444. Is y a prime number?
True
Is (1 - 2) + (-58092)/(-3) + 10 prime?
True
Let o be ((-1 - 2)*-2)/2. Suppose o*b = 8 + 7. Suppose f = b + 32. Is f a prime number?
True
Let t be -2*(2 + (-1080)/(-2)). Let i(z) = -5*z**3 + 18*z - 1. Let c be i(5). Is (-3)/(2 - t/c) a composite number?
True
Suppose 11 = 3*g + f, 0 = -5*g - f + 4 + 13. Suppose 3*s + 4*w - 2*w - 129 = 0, -g*s + 129 = w. Is s a prime number?
True
Suppose -l - 3*z = 639, -l + z - 161 - 478 = 0. Let u = l - -1174. Is u a composite number?
True
Suppose j + 0 = 4. Let n be 8346/65*5/2. Suppose -j*s = y - 994, -3*s = -4*y - 434 - n. Is s a prime number?
False
Suppose -23129 + 173 = -12*s. Is s composite?
False
Suppose -173*v + 189*v - 382864 = 0. Is v composite?
False
Let w be ((-6)/3)/((-4)/6). Let x(s) = -s**2 + s. Let m(a) = 25*a**2 - a + 1. Let v(o) = w*x(o) + m(o). Is v(-1) prime?
False
Let r(w) = -747*w + 42. Let h(c) = 374*c - 20. Let k(p) = 7*h(p) + 3*r(p). Is k(3) a prime number?
True
Let j be 2 - 5 - (-2 - 6). Suppose -2*b = j*t - 250, -3*t + t = -4*b + 452. Is b a prime number?
False
Suppose 117*z = 107*z + 17330. Is z a prime number?
True
Let q = -106 + 109. Let x(o) = o**2 - 3*o - 1. Let m be x(4). Suppose 0 = -q*c - m*c + 1146. Is c composite?
False
Suppose -13*d + 207 + 42680 = 0. Is d a prime number?
True
Suppose 5*s - 64673 = 5442. Is s composite?
True
Let m(o) = -o**2 + 8*o + 11. Let y be m(9). Is y - 0 - (-641 - -2) composite?
False
Is -5 + ((-28252)/(-12) + 1)*3 prime?
False
Let m(u) = 100*u**2 - 16*u - 118. Is m(-6) a composite number?
True
Let t(y) = -35*y + 5. Suppose 0 = -2*c + c - 5*v + 51, c - 2*v = 16. Suppose 0 = -j - 5*x - 14, 2*j - 6*j = 5*x + c. Is t(j) prime?
False
Suppose 14*c - 160762 = -0*c. Is c a composite number?
False
Suppose 3*k = 2*y - 2471, -4*k - 4 = -0*k. Suppose 2*u - 2714 = -4*i, u - y - 123 = 2*i. Let r = -930 + u. Is r prime?
False
Let m(h) = -h**3 - 2*h**2 - 2*h - 1. Let j(a) = 5*a + 4. Let f be j(2). Suppose o - 6*s = -s + f, 2*s = 2*o + 4. Is m(o) composite?
True
Is (-9 + 120/12)/(1/9563) a prime number?
False
Suppose -7*i + 2*i - 217 = -3*s, 2*s = -2*i - 90. Is (-161)/(-3) + i/66 composite?
False
Let t = -2186 - -7465. Is t composite?
False
Let m(s) = 3024*s**2 + 58*s + 7. Is m(3) a prime number?
True
Suppose 0 = 4*x + 20 - 0. Let y be (-5910)/(-25) - (-2)/x. Suppose l + 108 = 3*q - 2*q, 0 = -2*q - 2*l + y. Is q a prime number?
True
Suppose -5*v = -p + 30, 3*p = -0*p - 4*v + 14. Suppose -5*j = -p + 5. Let l(n) = 158*n**2 - n. Is l(j) a composite number?
False
Suppose 0*y + 2*y = 10. Suppose y*u - 8*u + 447 = 0. Is u composite?
False
Suppose 2*y - 3*n + 46 - 5 = 0, 0 = 2*y - n + 43. Let j be 3/(-9)*(-2 + y). Suppose 5*m + x = 382 + j, 0 = -4*m - x + 311. Is m prime?
True
Suppose -2*o - 4*y = -131934, -4*o - 95100 = -5*y - 358942. Is o composite?
False
Suppose -3*x + 3*p + 42 = 0, x - 2*x = 5*p - 38. Is 3009/x + -1 + (-5)/30 a prime number?
False
Suppose 26*o - 27*o - 3*d = -51166, 3*d + 153450 = 3*o. Is o composite?
True
Let r = -134600 - -217695. Is r prime?
False
Let s = 224 - 13. Is s a composite number?
False
Let n = -1979 + 3335. Suppose -8*u = -2*u - n. Let d = u + -120. Is d a composite number?
True
Suppose -h + 0*c + c = -361, -4*h + 1448 = -3*c. Let y = 471 - 673. Let n = h + y. Is n a composite number?
False
Suppose 7 = -2*t + 3. Let b be t*1*(-4)/4. Suppose 4*g - 3*a = 152, -b*a = -4*g - a + 152. Is g prime?
False
Suppose 5*s + 15 = 10*s. Suppose 0 = -5*u + 5, 4*h + s*u - 2*u = -231. Let v = 173 + h. Is v a prime number?
False
Let f(y) = -2*y**3 - 23*y**2 - 17*y - 27. Is f(-19) a composite number?
False
Let d(u) = u**3 + 13*u**2 - 3*u + 12. Let v(k) = 14*k + 1. Let f = 1 + -2. Let m b